on factor of 221 and 27353510?
17
What is the highest common factor of 28460367 and 903?
129
What is the highest common divisor of 1152 and 16899072?
384
What is the highest common divisor of 28 and 4828222?
14
What is the greatest common divisor of 11683049 and 801696?
8351
Calculate the greatest common factor of 9966984 and 168.
24
Calculate the highest common divisor of 112 and 5457284.
28
Calculate the greatest common factor of 3932 and 1306407.
983
What is the greatest common divisor of 61222200 and 260?
260
What is the greatest common factor of 67919980 and 20?
20
Calculate the greatest common factor of 116 and 23462914.
58
Calculate the greatest common divisor of 2056 and 36302792.
2056
Calculate the highest common factor of 18 and 13960386.
18
What is the greatest common factor of 39292 and 9345292?
2068
Calculate the greatest common divisor of 410400 and 343900.
1900
What is the highest common divisor of 17610504 and 1734?
1734
What is the highest common factor of 722 and 328662?
38
Calculate the greatest common divisor of 3823 and 1025.
1
What is the greatest common factor of 1114 and 603738984?
1114
Calculate the greatest common factor of 85909284 and 252.
36
Calculate the greatest common divisor of 464 and 6345780.
116
Calculate the greatest common divisor of 364 and 710099.
13
What is the highest common divisor of 7952 and 1476496?
112
What is the highest common divisor of 7794113 and 7564?
31
Calculate the highest common factor of 8499159 and 20646.
333
What is the greatest common divisor of 3704924 and 19?
19
Calculate the highest common factor of 3775 and 107675.
25
What is the highest common factor of 2024 and 102580874?
506
What is the greatest common factor of 252 and 286072?
4
What is the greatest common divisor of 790 and 17025922?
158
What is the greatest common factor of 16527524 and 1196?
1196
Calculate the greatest common divisor of 37881 and 26975481.
4209
What is the highest common factor of 48222 and 8559?
27
Calculate the greatest common divisor of 3047949 and 2659116.
12543
What is the highest common divisor of 606208022 and 4748?
2374
What is the greatest common factor of 2845 and 10556657?
569
What is the highest common factor of 48 and 29405224?
8
Calculate the highest common factor of 28774148 and 8294.
754
What is the highest common divisor of 116382 and 39984?
714
Calculate the greatest common factor of 51985 and 4225.
5
Calculate the highest common divisor of 216070 and 2701402.
1054
What is the greatest common factor of 2940 and 11160905?
35
Calculate the highest common divisor of 235196429 and 27352.
3419
What is the highest common divisor of 11166 and 229?
1
What is the highest common divisor of 2575654 and 21588?
514
What is the highest common factor of 172 and 1088511589?
43
Calculate the highest common divisor of 163076 and 59390068.
2764
What is the greatest common divisor of 1904943 and 559?
43
Calculate the highest common factor of 2973105 and 720495.
1215
Calculate the highest common divisor of 704 and 356906.
22
Calculate the greatest common divisor of 269160 and 7800.
120
What is the highest common factor of 11090 and 36870?
10
Calculate the highest common factor of 77 and 134606307.
11
What is the greatest common factor of 18476949 and 999?
111
What is the greatest common factor of 32872883 and 510?
17
Calculate the greatest common divisor of 2045 and 694068092.
409
Calculate the highest common divisor of 151632 and 5200.
208
Calculate the highest common divisor of 21802 and 3454.
22
What is the greatest common factor of 95995936 and 64?
32
What is the greatest common factor of 713213121 and 102?
51
What is the highest common divisor of 5064961 and 99?
11
Calculate the greatest common divisor of 407 and 8667791.
11
Calculate the greatest common factor of 1420 and 248717970.
710
What is the highest common divisor of 18 and 1771735464?
18
Calculate the greatest common factor of 1469 and 30322331.
13
What is the greatest common divisor of 43179 and 18019?
37
Calculate the greatest common divisor of 163500 and 6225.
75
What is the highest common divisor of 75953 and 78671?
151
Calculate the highest common factor of 1113504 and 28896.
672
What is the greatest common divisor of 644878 and 1615?
17
Calculate the highest common factor of 490940 and 15620.
20
Calculate the greatest common divisor of 11709360 and 200880.
6480
What is the greatest common factor of 1656 and 972072?
1656
What is the greatest common divisor of 25 and 1084850?
25
Calculate the greatest common factor of 303 and 1039854489.
303
What is the greatest common factor of 12386588 and 498?
166
Calculate the highest common factor of 189 and 11245743.
27
What is the highest common divisor of 17263 and 4117367?
283
Calculate the highest common divisor of 322582 and 10298.
38
Calculate the greatest common divisor of 211874 and 114608.
754
What is the highest common factor of 4839041 and 3497?
269
What is the highest common factor of 1327770 and 24390?
90
What is the greatest common factor of 21 and 244817349?
21
Calculate the highest common divisor of 22143665 and 530.
265
Calculate the greatest common divisor of 13812260 and 434.
14
Calculate the greatest common factor of 85009743 and 21245.
4249
Calculate the highest common divisor of 3405742 and 7446.
146
What is the highest common factor of 7491902 and 10?
2
What is the greatest common factor of 232125 and 2325?
75
Calculate the highest common factor of 6345627 and 118.
59
What is the greatest common divisor of 481 and 42892213?
481
What is the highest common divisor of 54 and 109119744?
54
What is the greatest common divisor of 1330114 and 14839?
1349
Calculate the greatest common factor of 1007622 and 12.
6
What is the highest common divisor of 7203 and 10662841?
2401
What is the greatest common divisor of 22333 and 26029597?
971
What is the highest common divisor of 14544 and 548304?
48
Calculate the greatest common factor of 57845 and 1.
1
What is the greatest common divisor of 968 and 4278923?
121
Calculate the greatest common factor of 240832553 and 13.
13
Calculate the highest common factor of 72 and 11551257.
9
What is the greatest common divisor of 5490 and 1183230?
90
Calculate the greatest common divisor of 535 and 3943806.
107
What is the highest common factor of 19080 and 9868536?
72
Calculate the greatest common divisor of 856 and 486243096.
856
What is the highest common divisor of 839323150 and 510?
170
Calculate the greatest common divisor of 2588 and 255775922.
1294
Calculate the highest common divisor of 25688 and 10756.
4
What is the greatest common divisor of 781353 and 51?
3
What is the highest common divisor of 9972 and 415836?
36
Calculate the greatest common divisor of 8463 and 44427929.
2821
What is the greatest common divisor of 11059104 and 490?
98
What is the highest common divisor of 228061017 and 4118?
2059
Calculate the highest common factor of 3699336 and 28.
4
Calculate the greatest common factor of 78585 and 216320.
845
Calculate the greatest common factor of 191163489 and 44.
11
Calculate the highest common factor of 44676 and 3162.
102
What is the greatest common factor of 2350764 and 576?
36
What is the highest common factor of 360 and 628268220?
180
What is the highest common divisor of 21273144 and 96?
24
Calculate the highest common divisor of 89024 and 64909624.
11128
Calculate the highest common divisor of 48559955 and 15.
5
What is the highest common divisor of 246 and 1136609298?
246
Calculate the greatest common factor of 4732 and 23424583.
1183
What is the greatest common factor of 247792242 and 4170?
834
What is the greatest common factor of 3161 and 903263?
29
What is the greatest common factor of 90801 and 64429?
19
What is the greatest common factor of 35936580 and 210?
30
What is the greatest common divisor of 181438 and 1444946?
2186
What is the greatest common factor of 123312 and 1544592?
336
What is the greatest common divisor of 14559608 and 14?
14
Calculate the greatest common factor of 85839 and 120504750.
6603
Calculate the greatest common factor of 606 and 71898466.
202
Calculate the greatest common factor of 18202 and 2443858.
958
What is the highest common factor of 215 and 254904?
43
What is the greatest common divis